{"id":176,"date":"2023-12-26T17:08:48","date_gmt":"2023-12-26T16:08:48","guid":{"rendered":"http:\/\/vps2445848.servdiscount-customer.com\/wordpress1\/?page_id=176"},"modified":"2024-12-01T12:15:14","modified_gmt":"2024-12-01T11:15:14","slug":"ueber-mich","status":"publish","type":"page","link":"https:\/\/bewusstsein-beratung.de\/index.php\/ueber-mich\/","title":{"rendered":"\u00dcber Mich"},"content":{"rendered":"<div data-colibri-id=\"176-c1\" class=\"style-371 style-local-176-c1 position-relative\">\n  <!---->\n  <div data-colibri-component=\"section\" data-colibri-id=\"176-c2\" id=\"about\" class=\"h-section h-section-global-spacing d-flex align-items-lg-center align-items-md-center align-items-center style-381 style-local-176-c2 position-relative\">\n    <!---->\n    <!---->\n    <div class=\"h-section-grid-container h-section-boxed-container\">\n      <!---->\n      <div data-colibri-id=\"176-c3\" class=\"h-row-container gutters-row-lg-2 gutters-row-md-2 gutters-row-2 gutters-row-v-lg-2 gutters-row-v-md-2 gutters-row-v-2 style-382 style-local-176-c3 position-relative\">\n        <!---->\n        <div class=\"h-row justify-content-lg-center justify-content-md-center justify-content-center align-items-lg-stretch align-items-md-stretch align-items-stretch gutters-col-lg-2 gutters-col-md-2 gutters-col-2 gutters-col-v-lg-2 gutters-col-v-md-2 gutters-col-v-2\">\n          <!---->\n          <div class=\"h-column h-column-container d-flex h-col-lg-auto h-col-md-auto h-col-auto style-383-outer style-local-176-c4-outer\">\n            <div data-colibri-id=\"176-c4\" class=\"d-flex h-flex-basis h-column__inner h-px-lg-2 h-px-md-2 h-px-2 v-inner-lg-2 v-inner-md-2 v-inner-2 style-383 style-local-176-c4 position-relative\">\n              <!---->\n              <!---->\n              <div class=\"w-100 h-y-container h-column__content h-column__v-align flex-basis-100 align-self-lg-center align-self-md-center align-self-center\">\n                <!---->\n                <div data-colibri-id=\"176-c5\" class=\"h-text h-text-component style-386 style-local-176-c5 position-relative h-element\">\n                  <!---->\n                  <!---->\n                  <div class=\"\">\n                    <p><strong>Seit \u00fcber 20 Jahren begleite ich Klienten auf ihrer Reise zur Bewusstseinserweiterung. Jedes Mal lerne ich dazu, erwerbe neue Kenntnisse und gebe diese mit Freude an meine Klienten weiter.<\/strong><\/p>\n                    <p><strong>Besonders dankbar bin ich den Lehrern, die meine geistige Entwicklung ma\u00dfgeblich gef\u00f6rdert haben. Horst Krohne mit seiner Schule der Geistheilung und Bert und Sophie Hellinger mit dem neuen Familienstellen haben mich besonders inspiriert. Zudem konnte ich wertvolle Erfahrungen in der Physiognomik sammeln, gelehrt von Manfred M\u00fcller.<\/strong><\/p>\n                    <p><strong>Diese Reise hat mir gezeigt, welche immense geistige Kraft in jedem von uns steckt. Als geistige Wesen sind wir hier auf der Erde, um uns kontinuierlich weiterzuentwickeln. Unser K\u00f6rper dient uns dabei ein Leben lang, w\u00e4hrend die Seele die Br\u00fccke zwischen K\u00f6rper und Geist bildet.<\/strong><\/p>\n                    <p><strong>Wann immer wir Unterst\u00fctzung brauchen, k\u00f6nnen wir sie in der geistigen Welt erbitten und erhalten.<\/strong><\/p>\n                    <p><strong>Mit gro\u00dfer Demut blicke ich auf die vielen kleinen \u201eWunder\u201c zur\u00fcck, die ich erleben durfte. Ob es austherapierte Menschen waren, die dennoch einen Weg fanden, famili\u00e4re Unruhen, die sich in wenigen Minuten aufl\u00f6sten, oder junge Menschen, die sich ihrer Talente und F\u00e4higkeiten bewusst wurden.<\/strong><\/p>\n                    <p><strong>Nun ist es an der Zeit, mein Wissen und meine Erfahrungen in Seminaren weiterzugeben, ganz im Sinne meiner Lehrer: \u201eWer das, was er gelernt hat, nicht weitergibt, hat nichts gelernt.\u201c<\/strong><\/p>\n                  <\/div>\n                <\/div>\n              <\/div>\n            <\/div>\n          <\/div>\n          <div class=\"h-column h-column-container d-flex h-col-lg-auto h-col-md-auto h-col-auto style-389-outer style-local-176-c6-outer\">\n            <div data-colibri-id=\"176-c6\" class=\"d-flex h-flex-basis h-column__inner h-px-lg-2 h-px-md-2 h-px-2 v-inner-lg-2 v-inner-md-2 v-inner-2 style-389 style-local-176-c6 position-relative\">\n              <!---->\n              <!---->\n              <div class=\"w-100 h-y-container h-column__content h-column__v-align flex-basis-100 align-self-lg-center align-self-md-center align-self-center\">\n                <!---->\n                <div data-colibri-id=\"176-c7\" class=\"h-row-container gutters-row-lg-0 gutters-row-md-0 gutters-row-0 gutters-row-v-lg-0 gutters-row-v-md-0 gutters-row-v-0 style-390 style-local-176-c7 position-relative\">\n                  <!---->\n                  <div class=\"h-row justify-content-lg-start justify-content-md-start justify-content-start align-items-lg-stretch align-items-md-stretch align-items-stretch gutters-col-lg-0 gutters-col-md-0 gutters-col-0 gutters-col-v-lg-0 gutters-col-v-md-0 gutters-col-v-0\">\n                    <!---->\n                    <div class=\"h-column h-column-container d-flex h-col-lg-auto h-col-md-auto h-col-auto style-391-outer style-local-176-c8-outer\">\n                      <div data-colibri-id=\"176-c8\" class=\"d-flex h-flex-basis h-column__inner h-px-lg-3 h-px-md-3 h-px-3 v-inner-lg-3 v-inner-md-3 v-inner-3 style-391 style-local-176-c8 position-relative\">\n                        <!---->\n                        <!---->\n                        <div class=\"w-100 h-y-container h-column__content h-column__v-align flex-basis-100 align-self-lg-center align-self-md-center align-self-center\">\n                          <!---->\n                          <div data-colibri-id=\"176-c9\" class=\"h-global-transition-all h-heading style-392 style-local-176-c9 position-relative h-element\">\n                            <!---->\n                            <div class=\"h-heading__outer style-392 style-local-176-c9\">\n                              <!---->\n                              <!---->\n                              <h3 class=\"\">Herbert F\u00e4hrrolfes<\/h3>\n                            <\/div>\n                          <\/div>\n                          <div data-colibri-id=\"176-c10\" class=\"h-text h-text-component style-394 style-local-176-c10 position-relative h-element\">\n                            <!---->\n                            <!---->\n                            <div class=\"\">\n                              <p><strong style=\"font-size: 16px; font-family: &quot;Open Sans&quot;; color: rgb(70, 112, 127);\">Wer das was er gelernt hat nicht weiter gibt, der hat nichts gelernt.<\/strong>&nbsp;<\/p>\n                            <\/div>\n                          <\/div>\n                          <div data-colibri-id=\"176-c11\" class=\"style-395 style-local-176-c11 position-relative h-element\">\n                            <!---->\n                          <\/div>\n                        <\/div>\n                      <\/div>\n                    <\/div>\n                  <\/div>\n                <\/div>\n                <div data-colibri-id=\"176-c12\" class=\"h-multiple-image style-398 style-local-176-c12 position-relative h-element\">\n                  <!---->\n                  <div class=\"position-relative\">\n                    <div class=\"h-multiple-image-inside-container\">\n                      <div class=\"ratio-inner\">\n                        <div data-colibri-id=\"176-c13\" class=\"d-block style-399 style-local-176-c13 position-relative h-element\">\n                          <!---->\n                          <div class=\"h-image__frame-container-outer\">\n                            <div class=\"h-image__frame-container\">\n                              <!---->\n                              <!---->\n                              <img loading=\"lazy\" decoding=\"async\" width=\"768\" height=\"1024\" src=\"http:\/\/vps2445848.servdiscount-customer.com\/wordpress1\/wp-content\/uploads\/2023\/12\/WhatsApp-Bild-2023-12-16-um-15.52.51_37d19084-1.jpg\" class=\"style-398-images style-local-176-c12-images wp-image-179 style-399-image style-local-176-c13-image\" alt=\"\" srcset=\"https:\/\/bewusstsein-beratung.de\/wp-content\/uploads\/2023\/12\/WhatsApp-Bild-2023-12-16-um-15.52.51_37d19084-1.jpg 768w, https:\/\/bewusstsein-beratung.de\/wp-content\/uploads\/2023\/12\/WhatsApp-Bild-2023-12-16-um-15.52.51_37d19084-1-225x300.jpg 225w\" sizes=\"auto, (max-width: 768px) 100vw, 768px\" \/>\n                              <div class=\"h-image__frame h-hide-lg h-hide-md h-hide-sm style-399-frameImage style-local-176-c13-frameImage\"><\/div>\n                            <\/div>\n                          <\/div>\n                        <\/div>\n                        <div data-colibri-id=\"176-c14\" class=\"d-block style-400 style-local-176-c14 position-relative h-element\">\n                          <!---->\n                          <div class=\"h-image__frame-container-outer\">\n                            <div class=\"h-image__frame-container\">\n                              <!---->\n                              <!---->\n                              <img loading=\"lazy\" decoding=\"async\" width=\"768\" height=\"1024\" src=\"https:\/\/bewusstsein-beratung.de\/wp-content\/uploads\/2024\/02\/WhatsApp-Bild-2024-01-04-um-17.37.48_a99c3532.jpg\" class=\"style-398-images style-local-176-c12-images wp-image-1128 style-400-image style-local-176-c14-image\" alt=\"\" srcset=\"https:\/\/bewusstsein-beratung.de\/wp-content\/uploads\/2024\/02\/WhatsApp-Bild-2024-01-04-um-17.37.48_a99c3532.jpg 768w, https:\/\/bewusstsein-beratung.de\/wp-content\/uploads\/2024\/02\/WhatsApp-Bild-2024-01-04-um-17.37.48_a99c3532-225x300.jpg 225w\" sizes=\"auto, (max-width: 768px) 100vw, 768px\" \/>\n                              <div class=\"h-image__frame h-hide-lg h-hide-md h-hide-sm style-400-frameImage style-local-176-c14-frameImage\"><\/div>\n                            <\/div>\n                          <\/div>\n                        <\/div>\n                      <\/div>\n                    <\/div>\n                  <\/div>\n                <\/div>\n              <\/div>\n            <\/div>\n          <\/div>\n        <\/div>\n      <\/div>\n    <\/div>\n  <\/div>\n<\/div>","protected":false},"excerpt":{"rendered":"<p>Seit \u00fcber 20 Jahren begleite ich Klienten auf ihrer Reise zur Bewusstseinserweiterung. Jedes Mal lerne ich dazu, erwerbe neue Kenntnisse und gebe diese mit Freude an meine Klienten weiter. Besonders dankbar bin ich den Lehrern, die meine geistige Entwicklung ma\u00dfgeblich gef\u00f6rdert haben. Horst Krohne mit seiner Schule der Geistheilung und Bert und Sophie Hellinger mit [&hellip;]<\/p>\n","protected":false},"author":1,"featured_media":0,"parent":0,"menu_order":0,"comment_status":"closed","ping_status":"closed","template":"page-templates\/full-width-page.php","meta":{"footnotes":""},"class_list":["post-176","page","type-page","status-publish","hentry"],"_links":{"self":[{"href":"https:\/\/bewusstsein-beratung.de\/index.php\/wp-json\/wp\/v2\/pages\/176","targetHints":{"allow":["GET"]}}],"collection":[{"href":"https:\/\/bewusstsein-beratung.de\/index.php\/wp-json\/wp\/v2\/pages"}],"about":[{"href":"https:\/\/bewusstsein-beratung.de\/index.php\/wp-json\/wp\/v2\/types\/page"}],"author":[{"embeddable":true,"href":"https:\/\/bewusstsein-beratung.de\/index.php\/wp-json\/wp\/v2\/users\/1"}],"replies":[{"embeddable":true,"href":"https:\/\/bewusstsein-beratung.de\/index.php\/wp-json\/wp\/v2\/comments?post=176"}],"version-history":[{"count":6,"href":"https:\/\/bewusstsein-beratung.de\/index.php\/wp-json\/wp\/v2\/pages\/176\/revisions"}],"predecessor-version":[{"id":1366,"href":"https:\/\/bewusstsein-beratung.de\/index.php\/wp-json\/wp\/v2\/pages\/176\/revisions\/1366"}],"wp:attachment":[{"href":"https:\/\/bewusstsein-beratung.de\/index.php\/wp-json\/wp\/v2\/media?parent=176"}],"curies":[{"name":"wp","href":"https:\/\/api.w.org\/{rel}","templated":true}]}}